 - 112. What is the units digit of a?
5
Suppose 6*s = 8*s - 1720. Suppose 69*z - 64*z = s. What is the hundreds digit of z?
1
Let f be (-74802)/54 - (35/45 + -1). Let i = f + 3110. What is the tens digit of i?
2
Let y = -18 - -201. Let i = 408 - y. What is the units digit of i?
5
Suppose -84*m = -77*m - 7791. Let t = 2924 - m. What is the hundreds digit of t?
8
Suppose -4715102 + 3535745 = -100*r + 7304143. What is the tens digit of r?
3
Let p(d) = 4*d**2 - 47*d + 38. Let t be p(25). Let z = -790 + t. What is the tens digit of z?
7
Let i(l) = -49*l**2 + 12*l + 14. Let z be i(-4). Let p = z - -1153. What is the hundreds digit of p?
3
What is the thousands digit of (-150561548)/(-3048) + (-2)/(-12)?
9
Let p = 218 - 223. Let r(a) = 5*a**2 - 6*a - 2. What is the units digit of r(p)?
3
Suppose 26*l - 27 = 17*l. Suppose 854 = l*s + y, 9*y = 2*s + 8*y - 566. What is the tens digit of s?
8
Suppose -3*b - 114 = -2*b - 3*a, -a - 417 = 4*b. What is the hundreds digit of (-1)/5 - 36351/b?
3
Let n = 1304 - 479. Suppose w = 4*f + 203, -4*w + 4*f = f - n. What is the tens digit of w?
0
Let q(s) = s**2 - 2*s - 13. Let w be q(6). Suppose 0 = c + 2*o + 1, 2*o + w = -2*c + o. What is the units digit of 179/5 + c/(-35)?
6
Let v = -9070 - -18657. What is the hundreds digit of v?
5
Suppose b - 96 = -5*i, i + 211 = 2*b + 41. Let k = -175 + b. Let h = k + 291. What is the tens digit of h?
0
What is the tens digit of 8 - -19674 - (-18 + -1)?
0
What is the thousands digit of -60 + 60 + (-28017)/(-3) - (-5)/1?
9
What is the thousands digit of 5 - -6443 - (-259)/(-37)?
6
Suppose -10 = -2*v, 0 = -3*q + 5*v - 3*v + 500. Suppose 188*u = q*u + 18108. What is the units digit of u?
6
Suppose 4*q + 2*n + 6 = -n, 8 = 4*n. Let m be ((-6)/(-4))/(454/152 + q). Let z = -40 - m. What is the units digit of z?
4
Suppose 7*y - 1098 = 239. Let v = -85 + y. What is the tens digit of v?
0
Let s = -426 + 91. Let z = s + 455. What is the hundreds digit of z?
1
Suppose 0 = 2*k + 3*w - 2554, 4*k - 5942 = -3*w - 840. Suppose -z - 6*z = -k. What is the hundreds digit of z?
1
Suppose 1418565 = 241*d - 190*d. What is the units digit of d?
5
Suppose 5*i + f = 1227, 17*i - 12*i + 4*f - 1233 = 0. What is the units digit of i?
5
Let b be ((-2)/(-4))/((-4)/8) - -3. Suppose -5*q + s = b*s, -s = q. Suppose q = 10*f - 15 - 125. What is the tens digit of f?
1
Suppose -r = -4*n - 25326, -600*r = -602*r + 2*n + 50658. What is the tens digit of r?
3
Let z = -53 - -57. Suppose -f - 3*d + 35 = 0, z*f = 5*d - 17 + 106. What is the tens digit of f?
2
Suppose -145*b = -148*b + 78. Suppose 0 = b*g - 992 - 4858. What is the tens digit of g?
2
Let s(a) = -1547*a + 83. Let d be s(-8). Suppose 22*q - d - 6307 = 0. What is the tens digit of q?
5
Let k(z) = -z**2 - 266*z - 1036. What is the units digit of k(-70)?
4
Let z(p) = -p**3 + 7*p**2 + 5*p - 5. Let j be z(6). Suppose 3*y + j = -95. Let n = -23 - y. What is the units digit of n?
9
Let m(u) = 2*u**2 + 18*u + 9. Let t be m(-9). Let o(w) = 2*w**2 - 15*w + 21. Let q be o(t). Let k = -23 + q. What is the units digit of k?
5
Suppose 4*p + 3*k = 15944, -2*p - 4*k = -2050 - 5922. What is the thousands digit of p?
3
Suppose 0 = -l + 2*t + 3*t - 1548, 0 = 4*l + t + 6108. Let u = -191 + 179. What is the units digit of l/(-6) - (-8)/u?
4
Let t(r) = -397*r + 27. Let c be t(-3). Suppose -6*w + c = -2088. What is the units digit of w?
1
Suppose -4*y - 2008 - 3096 = -5*k, k - 2*y - 1016 = 0. Let t = 1749 - k. What is the units digit of t?
5
Let i(h) = -65*h - 5*h**2 + 67*h - 36 + 6*h**2. What is the tens digit of i(16)?
5
Suppose 37*s - 5462 = 36*s + 5*k, 5*s + 5*k = 27250. Suppose -s = 11*p - 19697. What is the thousands digit of p?
1
Let w be (-2)/(-8) + 49/28. Suppose 0 = w*c - 3*c + 961. What is the tens digit of c?
6
Let p be 214*2/5*10/4. Suppose 5264 = 10*y + p. What is the hundreds digit of y?
5
Suppose -3*m + 29 = -5*n - 95, 3*m - 126 = 3*n. Suppose -m*x - 3140 = -47*x. What is the hundreds digit of x?
7
Let a = -10945 + 15352. What is the tens digit of a?
0
Let r(y) = 375*y - 97. Let d(m) = -188*m + 50. Let p(u) = 5*d(u) + 2*r(u). What is the units digit of p(-4)?
6
Let z be (-12)/9*21*(-2)/(-4). Let r be 4*1 + (z - -7). What is the tens digit of 31/((r + 4)/1)?
3
Let y(z) = 221*z**2 - z. Let l be y(2). Suppose -4*q + 1738 = -f, 2*q + f + 16 - l = 0. What is the units digit of q?
4
Let t(y) = 386*y + 1741. What is the thousands digit of t(0)?
1
Suppose -261*r = -314*r + 383084. What is the tens digit of r?
2
Let q(i) = 3*i**2 - 8*i - 9. Let r be q(-6). Let d = 152 - r. Suppose 14 = k + d*p - 55, 3*k - 225 = 3*p. What is the units digit of k?
4
Suppose -5*o + 98636 = -5*x + 21001, 4*o + 2*x - 62090 = 0. What is the hundreds digit of o?
5
Let m be (2 + -1)/((-4)/(-12)). Suppose 0 = -m*p + 293 + 280. What is the hundreds digit of p?
1
Suppose -7*t - 2018 + 13134 = 0. What is the units digit of (-3 - t/(-22)) + (-12)/66?
9
Let x(b) = -128*b**2 - b. Let f(n) = 64*n**2 + n. Let o(d) = -5*f(d) - 2*x(d). Let r be o(-2). Let m = 499 + r. What is the tens digit of m?
4
Let z(u) = -u**2 - u - 15. Let f be z(0). Let o(l) = l**3 + 6*l**2 - 15*l - 66. Let p be o(-7). What is the units digit of 6*(p/f + 1)?
0
Suppose -29*j + 1436056 = -1325235 + 730073. What is the hundreds digit of j?
0
Suppose 100*x = 58*x + 323316. What is the thousands digit of x?
7
Let n be (-4)/72*-2019 + 1/(-6). Suppose -t = -2*j + n - 502, 2*t + 5*j = 816. What is the units digit of t?
8
Let p = 2194 + -1862. Let q(b) = -b**2 - b. Let t be q(-1). Suppose -4*o = 3*d - p - 346, 4*o = t. What is the tens digit of d?
2
Let v(l) = 2201*l - 744. What is the hundreds digit of v(4)?
0
What is the thousands digit of 2/11*11*4 + -2 + 72286?
2
Let s = 39980 + -21406. What is the units digit of s?
4
What is the tens digit of (20 - (-3)/3)*(2406 + -14 - 10)?
2
Let y = -10 - -10. Let h be (y/(-3) - -6)*(-4)/(-3). What is the hundreds digit of (4/(-6))/(h/(-1404))?
1
Let q be (-528)/22*1/2. What is the tens digit of (636 - -1)/((18/q)/(-3))?
7
Suppose w + 3660 - 10083 = 15748. What is the ten thousands digit of w?
2
Let c = 207 + -208. What is the hundreds digit of (1120 - -6)/(1 - c)?
5
Let d(i) = -i**3 - 11*i**2 + 12*i + 63. Let h(s) = 4*s**2 + 35*s + 11. Let f be h(-8). What is the hundreds digit of d(f)?
2
Let z be 0 + -131 + (-6)/3. What is the units digit of 164/14 - 38/z?
2
Let x(k) = -k**3 + 18*k**2 - 21*k + 14. Let a be 17/5 + (-3)/(-5) + 10. What is the hundreds digit of x(a)?
5
Suppose 0 = -l - 5*d - 191, -d = -11*l + 16*l + 955. Let v = l - -326. What is the tens digit of v?
3
Suppose -2304966 = -252*a + 8898. What is the thousands digit of a?
9
Let p(z) = 6*z + 175 + 9*z**2 + 19*z - 170. What is the units digit of p(-8)?
1
Suppose -315 = -2*s - s. Let w(y) = -20 + 210*y**2 + 4*y - s*y**2 - 104*y**2. What is the units digit of w(-7)?
1
Suppose -d - 6 = 5*c, 3*c - 4 = -1. Let w be -1*1 - ((-7 - d) + -4). Let v(f) = -132*f**3 + f**2 + 3*f + 1. What is the units digit of v(w)?
1
Suppose 2*n - 5*n + 6 = 0. Suppose -r + 841 = 5*d, 4*r - 3*d = n*d + 3339. What is the units digit of r?
6
What is the tens digit of (-13320)/(-18)*82/8?
8
Let k(b) = -6*b**3 - 421*b**2 + 35*b - 103. What is the tens digit of k(-72)?
0
Suppose -5*g + 31 + 14 = 0. Let r(y) = -y**2 + 12*y - 25. Let h be r(g). What is the units digit of (-33)/(-33) + h*2?
5
Let m = -518 - -520. Suppose m*x = 6, -4*x - 235 = -g + 27. What is the units digit of g?
4
Let w(d) = d**2 + 17*d + 94. Let b be (7 - (-5 - -11))*-5. What is the units digit of w(b)?
4
Let l(g) = 3*g**2 + 3. Let a(y) = y**3 + 7*y**2 + 9*y - 8. Let w be (-35)/(-14)*(0 + -2). Let f be a(w). What is the tens digit of l(f)?
3
Suppose 4*q + 16 = t, -3*q = -6*q - 3*t - 12. Let n be (q + 22/6)*-135. Suppose -3*o + 198 + n = 0. What is the units digit of o?
1
Suppose 6 = m + 6. Let k(x) = -2*x**3 + x**2 - 10*x. Let z be k(-7). Suppose m = 3*a + 4*a - z. What is the hundreds digit of a?
1
Suppose -2*r - 54 = -3*k + 3*r, -3*k = 4*r - 54. Suppose -15*q - 48 = -k*q. Let g = q + 32. What is the units digit of g?
8
Suppose 0 = -3*r - 5*a + 6366, 5*r = 3*r - a + 4244. Suppose 5*x + 2*z = r, 2*x + 3*z + 845 = 4*x. What is the hundreds digit of x?
4
Suppose -4*t - 132 = -124. What is the tens digit of (